{"id":561,"date":"2018-07-01T23:37:45","date_gmt":"2018-07-01T23:37:45","guid":{"rendered":"http:\/\/209.59.164.201\/~motionmatters\/?page_id=561"},"modified":"2018-07-31T12:04:40","modified_gmt":"2018-07-31T12:04:40","slug":"a-propos","status":"publish","type":"page","link":"https:\/\/motionmatters.ca\/fr\/a-propos\/","title":{"rendered":"\u00e0 propos"},"content":{"rendered":"<div class=\"wpb-content-wrapper\"><p>[vc_row][vc_column width=\u00a0\u00bb3\/4&Prime;][vc_row_inner][vc_column_inner width=\u00a0\u00bb7\/12&Prime;][vc_column_text css=\u00a0\u00bb.vc_custom_1530488186291{padding-top: 30px !important;}\u00a0\u00bb]<\/p>\n<h3>Motion Matters g\u00e8re simultan\u00e9ment la clinique de physioth\u00e9rapie et le centre de r\u00e9habilitation et d&rsquo;exercice; ces deux emplacements voisins sont situ\u00e9s au centre-ville d&rsquo;Ottawa.<\/h3>\n<p>[\/vc_column_text][\/vc_column_inner][vc_column_inner width=\u00a0\u00bb5\/12&Prime;][vc_single_image image=\u00a0\u00bb96&Prime; img_size=\u00a0\u00bblarge\u00a0\u00bb style=\u00a0\u00bbvc_box_shadow_border\u00a0\u00bb][\/vc_column_inner][\/vc_row_inner][vc_separator][vc_column_text]<\/p>\n<h5>Ces institutions sont r\u00e9put\u00e9es pour la qualit\u00e9 de leurs services personnalis\u00e9s, l&rsquo;atmosph\u00e8re chaleureuse des locaux et le professionnalisme du personnel.<\/h5>\n<p>Les physioth\u00e9rapeutes exp\u00e9riment\u00e9s de Motion Matters vous offriront un large \u00e9ventail de traitements ainsi que des techniques pr\u00e9ventives \u00e0 la fois traditionnelles et innovatrices. Nos programmes de conditionnement et de mise en forme combinent de nouvelles approches inspir\u00e9es de m\u00e9thodes holistiques avec des techniques traditionnelles.<\/p>\n<p>Pour en savoir plus sur ce qui fait de nous une clinique unique, cliquez sur nos succ\u00e8s aupr\u00e8s de nos clients.[\/vc_column_text][vc_separator][vc_column_text]<\/p>\n<h2>Notre constante recherche de l&rsquo;excellence nous permettra de satisfaire \u00e0 vos besoins :<\/h2>\n<ul>\n<li>Des professionnels hautement qualifi\u00e9s du conditionnement physique et de la sant\u00e9 qui vous suivront et vous guideront au fil de vos progr\u00e8s<\/li>\n<li>Des locaux \u00e9quip\u00e9s de machines d&rsquo;exercice de qualit\u00e9s commerciales et professionnelles.<\/li>\n<li>Chambres de soins priv\u00e9es<\/li>\n<li>De grandes et accueillantes salles d&rsquo;exercice<\/li>\n<li>Personnels et environnement professionnels et chaleureux<\/li>\n<li>Heures d&rsquo;ouverture de 7am \u00e0 7pm<\/li>\n<\/ul>\n<p>[\/vc_column_text][\/vc_column][vc_column width=\u00a0\u00bb1\/4&Prime;][vc_widget_sidebar sidebar_id=\u00a0\u00bbsidebar-our-team\u00a0\u00bb][\/vc_column][\/vc_row][vc_row full_width=\u00a0\u00bbstretch_row\u00a0\u00bb css=\u00a0\u00bb.vc_custom_1528467309126{background-image: url(http:\/\/motionmatters.ca\/wp-content\/uploads\/2018\/06\/CTA-Back.jpg?id=349) !important;background-position: center !important;background-repeat: no-repeat !important;background-size: cover !important;}\u00a0\u00bb][vc_column][vc_column_text css=\u00a0\u00bb.vc_custom_1530482961988{padding-top: 20px !important;padding-bottom: 20px !important;}\u00a0\u00bb]<\/p>\n<h2 style=\"text-align: center;\"><span style=\"color: #ffffff;\">Pour prendre rendez-vous ou pour vous inscrire \u00e0 nos classes, contactez-nous\u00a0<\/span><\/h2>\n<p>[\/vc_column_text][vc_row_inner][vc_column_inner width=\u00a0\u00bb1\/2&Prime;][vc_btn title=\u00a0\u00bbCall: (613) 237-4343&Prime; style=\u00a0\u00bbflat\u00a0\u00bb color=\u00a0\u00bbwhite\u00a0\u00bb size=\u00a0\u00bblg\u00a0\u00bb align=\u00a0\u00bbright\u00a0\u00bb i_icon_fontawesome=\u00a0\u00bbfa fa-phone\u00a0\u00bb add_icon=\u00a0\u00bbtrue\u00a0\u00bb link=\u00a0\u00bburl:tel%3A(613)%20237-4343|||\u00a0\u00bb][\/vc_column_inner][vc_column_inner width=\u00a0\u00bb1\/2&Prime;][vc_btn title=\u00a0\u00bbinfo@motionmatters.ca\u00a0\u00bb style=\u00a0\u00bbflat\u00a0\u00bb color=\u00a0\u00bbwhite\u00a0\u00bb size=\u00a0\u00bblg\u00a0\u00bb i_icon_fontawesome=\u00a0\u00bbfa fa-envelope-o\u00a0\u00bb add_icon=\u00a0\u00bbtrue\u00a0\u00bb link=\u00a0\u00bburl:mailto%3Ainfo%40motionmatters.ca|||\u00a0\u00bb][\/vc_column_inner][\/vc_row_inner][\/vc_column][\/vc_row]<\/p>\n<\/div>","protected":false},"excerpt":{"rendered":"<p>[vc_row][vc_column width=\u00a0\u00bb3\/4&Prime;][vc_row_inner][vc_column_inner width=\u00a0\u00bb7\/12&Prime;][vc_column_text css=\u00a0\u00bb.vc_custom_1530488186291{padding-top: 30px !important;}\u00a0\u00bb] Motion Matters g\u00e8re simultan\u00e9ment la clinique de physioth\u00e9rapie et le centre de r\u00e9habilitation et d&rsquo;exercice; ces deux emplacements voisins sont<span class=\"excerpt-hellip\"> [\u2026]<\/span><\/p>\n","protected":false},"author":2427,"featured_media":0,"parent":0,"menu_order":0,"comment_status":"closed","ping_status":"closed","template":"","meta":{"footnotes":""},"class_list":["post-561","page","type-page","status-publish","hentry"],"_links":{"self":[{"href":"https:\/\/motionmatters.ca\/fr\/wp-json\/wp\/v2\/pages\/561","targetHints":{"allow":["GET"]}}],"collection":[{"href":"https:\/\/motionmatters.ca\/fr\/wp-json\/wp\/v2\/pages"}],"about":[{"href":"https:\/\/motionmatters.ca\/fr\/wp-json\/wp\/v2\/types\/page"}],"author":[{"embeddable":true,"href":"https:\/\/motionmatters.ca\/fr\/wp-json\/wp\/v2\/users\/2427"}],"replies":[{"embeddable":true,"href":"https:\/\/motionmatters.ca\/fr\/wp-json\/wp\/v2\/comments?post=561"}],"version-history":[{"count":5,"href":"https:\/\/motionmatters.ca\/fr\/wp-json\/wp\/v2\/pages\/561\/revisions"}],"predecessor-version":[{"id":877,"href":"https:\/\/motionmatters.ca\/fr\/wp-json\/wp\/v2\/pages\/561\/revisions\/877"}],"wp:attachment":[{"href":"https:\/\/motionmatters.ca\/fr\/wp-json\/wp\/v2\/media?parent=561"}],"curies":[{"name":"wp","href":"https:\/\/api.w.org\/{rel}","templated":true}]}}

à propos

<div class="wpb-content-wrapper"><p>[vc_row][vc_column width= »3/4&Prime;][vc_row_inner][vc_column_inner width= »7/12&Prime;][vc_column_text css= ».vc_custom_1530488186291{padding-top: 30px !important;} »]</p>
<h3>Motion Matters gère simultanément la clinique de physiothérapie et le centre de réhabilitation et d&rsquo;exercice; ces deux emplacements voisins sont situés au centre-ville d&rsquo;Ottawa.</h3>
<p>[/vc_column_text][/vc_column_inner][vc_column_inner width= »5/12&Prime;][vc_single_image image= »96&Prime; img_size= »large » style= »vc_box_shadow_border »][/vc_column_inner][/vc_row_inner][vc_separator][vc_column_text]</p>
<h5>Ces institutions sont réputées pour la qualité de leurs services personnalisés, l&rsquo;atmosphère chaleureuse des locaux et le professionnalisme du personnel.</h5>
<p>Les physiothérapeutes expérimentés de Motion Matters vous offriront un large éventail de traitements ainsi que des techniques préventives à la fois traditionnelles et innovatrices. Nos programmes de conditionnement et de mise en forme combinent de nouvelles approches inspirées de méthodes holistiques avec des techniques traditionnelles.</p>
<p>Pour en savoir plus sur ce qui fait de nous une clinique unique, cliquez sur nos succès auprès de nos clients.[/vc_column_text][vc_separator][vc_column_text]</p>
<h2>Notre constante recherche de l&rsquo;excellence nous permettra de satisfaire à vos besoins :</h2>
<ul>
<li>Des professionnels hautement qualifiés du conditionnement physique et de la santé qui vous suivront et vous guideront au fil de vos progrès</li>
<li>Des locaux équipés de machines d&rsquo;exercice de qualités commerciales et professionnelles.</li>
<li>Chambres de soins privées</li>
<li>De grandes et accueillantes salles d&rsquo;exercice</li>
<li>Personnels et environnement professionnels et chaleureux</li>
<li>Heures d&rsquo;ouverture de 7am à 7pm</li>
</ul>
<p>[/vc_column_text][/vc_column][vc_column width= »1/4&Prime;][vc_widget_sidebar sidebar_id= »sidebar-our-team »][/vc_column][/vc_row][vc_row full_width= »stretch_row » css= ».vc_custom_1528467309126{background-image: url(http://motionmatters.ca/wp-content/uploads/2018/06/CTA-Back.jpg?id=349) !important;background-position: center !important;background-repeat: no-repeat !important;background-size: cover !important;} »][vc_column][vc_column_text css= ».vc_custom_1530482961988{padding-top: 20px !important;padding-bottom: 20px !important;} »]</p>
<h2 style="text-align: center;"><span style="color: #ffffff;">Pour prendre rendez-vous ou pour vous inscrire à nos classes, contactez-nous </span></h2>
<p>[/vc_column_text][vc_row_inner][vc_column_inner width= »1/2&Prime;][vc_btn title= »Call: (613) 237-4343&Prime; style= »flat » color= »white » size= »lg » align= »right » i_icon_fontawesome= »fa fa-phone » add_icon= »true » link= »url:tel%3A(613)%20237-4343||| »][/vc_column_inner][vc_column_inner width= »1/2&Prime;][vc_btn title= »info@motionmatters.ca » style= »flat » color= »white » size= »lg » i_icon_fontawesome= »fa fa-envelope-o » add_icon= »true » link= »url:mailto%3Ainfo%40motionmatters.ca||| »][/vc_column_inner][/vc_row_inner][/vc_column][/vc_row]</p>
</div>

<p>[vc_row][vc_column width= »3/4&Prime;][vc_row_inner][vc_column_inner width= »7/12&Prime;][vc_column_text css= ».vc_custom_1530488186291{padding-top: 30px !important;} »] Motion Matters gère simultanément la clinique de physiothérapie et le centre de réhabilitation et d&rsquo;exercice; ces deux emplacements voisins sont<span class="excerpt-hellip"> […]</span></p>
