{"id":636,"date":"2018-07-03T12:45:33","date_gmt":"2018-07-03T12:45:33","guid":{"rendered":"http:\/\/209.59.164.201\/~motionmatters\/?page_id=636"},"modified":"2018-07-31T12:19:24","modified_gmt":"2018-07-31T12:19:24","slug":"vos-rendez-vous","status":"publish","type":"page","link":"https:\/\/motionmatters.ca\/fr\/vos-rendez-vous\/","title":{"rendered":"Vos rendez-vous"},"content":{"rendered":"<div class=\"wpb-content-wrapper\"><p>[vc_row][vc_column width=\u00a0\u00bb2\/3&Prime;][vc_column_text]<\/p>\n<h4>Lorsque vous visitez la clinique de physioth\u00e9rapie et de blessures sportives<\/h4>\n<p>170 av. Laurier ouest<\/p>\n<p>Vous demandez-vous ce qui se passera lors de votre visite chez le physioth\u00e9rapeute?<\/p>\n<p>Lors de votre visite initiale avec votre physioth\u00e9rapeute vous passerez un examen physique minutieux incluant :<\/p>\n<ul>\n<li>Un <strong>questionnaire m\u00e9dical<\/strong> g\u00e9n\u00e9ral<\/li>\n<li>Une <strong>discussion<\/strong> permettant de rassembler les informations concernant l&rsquo;histoire de vos sympt\u00f4mes, les facteurs aggravants, vos activit\u00e9s quotidiennes, vos blessures ant\u00e9rieures, votre style de vie, les tests m\u00e9dicaux d\u00e9j\u00e0 effectu\u00e9s, les buts th\u00e9rapeutiques, etc.<\/li>\n<li>Un <strong>examen physique<\/strong> pour \u00e9valuer votre niveau de mobilit\u00e9, de force, d&rsquo;endurance, votre posture ainsi que d&rsquo;autres \u00e9l\u00e9ments de la capacit\u00e9 physique fonctionnelle.<\/li>\n<li>Un <strong>plan de traitement<\/strong> afin d&rsquo;\u00e9tablir vos objectifs et une strat\u00e9gie qui aideront \u00e0 am\u00e9liorer votre condition. Lorsque l&rsquo;origine de vos sympt\u00f4mes sera \u00e9tablie, vous discuterez vos options de traitement et anticiperez leurs impacts avec votre th\u00e9rapeute.<\/li>\n<\/ul>\n<p><em>Si vous avez des questions concernant la physioth\u00e9rapie, les traitements, ou si vous vous demandez ce que vous devriez porter lors de vos rendez-vous, vous pouvez visitez notre rubrique Questions \/ r\u00e9ponses.<\/em>[\/vc_column_text][\/vc_column][vc_column width=\u00a0\u00bb1\/3&Prime;][vc_single_image image=\u00a0\u00bb213&Prime; img_size=\u00a0\u00bblarge\u00a0\u00bb style=\u00a0\u00bbvc_box_shadow_border\u00a0\u00bb][\/vc_column][\/vc_row][vc_row][vc_column][vc_separator][\/vc_column][\/vc_row][vc_row][vc_column width=\u00a0\u00bb2\/3&Prime;][vc_column_text]<\/p>\n<h4>Lorsque vous visitez le centre d&rsquo;exercice et de r\u00e9habilitation<\/h4>\n<p><strong>164 av. Laurier ouest<\/strong><\/p>\n<p>C&rsquo;est dans le centre d&rsquo;exercice et de r\u00e9habilitation que se donnent les classes de Pilates et autres sessions d&rsquo;entra\u00eenement physique. Le centre comprend une salle d&rsquo;entra\u00eenement avec poids libres, un syst\u00e8me multi-gym de type Atlantis, de l&rsquo;\u00e9quipement cardiovasculaire et plusieurs machines Pilates. Nous disposons d&rsquo;une salle ou studio s\u00e9par\u00e9 pour les exercices en groupe. Afin que votre exp\u00e9rience dans notre centre soit agr\u00e9able nous mettons \u00e0 votre disposition des vestiaires hommes et femmes \u00e9quip\u00e9s de douches, de serviettes et de casiers.<\/p>\n<p>Pour conna\u00eetre les r\u00e8glements et les proc\u00e9dures concernant les cours et l&rsquo;utilisation de notre centre d&rsquo;exercice veuillez consulter notre r\u00e9ception lors de votre premi\u00e8re visite<\/p>\n<p>Veuillez consulter notre blogue pour prendre connaissance de l\u2019horaire de nos cours d\u2019exercice en groupe.<\/p>\n<p>Si vous avez des questions suppl\u00e9mentaires concernant l&rsquo;utilisation du centre ou concernant les cours disponibles, contactez nous.[\/vc_column_text][\/vc_column][vc_column width=\u00a0\u00bb1\/3&Prime;][vc_single_image image=\u00a0\u00bb214&Prime; img_size=\u00a0\u00bbmedium\u00a0\u00bb style=\u00a0\u00bbvc_box_shadow_border\u00a0\u00bb][\/vc_column][\/vc_row][vc_row][vc_column][vc_empty_space][\/vc_column][\/vc_row][vc_row full_width=\u00a0\u00bbstretch_row\u00a0\u00bb css=\u00a0\u00bb.vc_custom_1528467309126{background-image: url(http:\/\/motionmatters.ca\/wp-content\/uploads\/2018\/06\/CTA-Back.jpg?id=349) !important;background-position: center !important;background-repeat: no-repeat !important;background-size: cover !important;}\u00a0\u00bb][vc_column][vc_column_text css=\u00a0\u00bb.vc_custom_1530482961988{padding-top: 20px !important;padding-bottom: 20px !important;}\u00a0\u00bb]<\/p>\n<h2 style=\"text-align: center;\"><span style=\"color: #ffffff;\">Pour prendre rendez-vous ou pour vous inscrire \u00e0 nos classes, contactez-nous\u00a0<\/span><\/h2>\n<p>[\/vc_column_text][vc_row_inner][vc_column_inner width=\u00a0\u00bb1\/2&Prime;][vc_btn title=\u00a0\u00bbCall: (613) 237-4343&Prime; style=\u00a0\u00bbflat\u00a0\u00bb color=\u00a0\u00bbwhite\u00a0\u00bb size=\u00a0\u00bblg\u00a0\u00bb align=\u00a0\u00bbright\u00a0\u00bb i_icon_fontawesome=\u00a0\u00bbfa fa-phone\u00a0\u00bb add_icon=\u00a0\u00bbtrue\u00a0\u00bb link=\u00a0\u00bburl:tel%3A(613)%20237-4343|||\u00a0\u00bb][\/vc_column_inner][vc_column_inner width=\u00a0\u00bb1\/2&Prime;][vc_btn title=\u00a0\u00bbinfo@motionmatters.ca\u00a0\u00bb style=\u00a0\u00bbflat\u00a0\u00bb color=\u00a0\u00bbwhite\u00a0\u00bb size=\u00a0\u00bblg\u00a0\u00bb i_icon_fontawesome=\u00a0\u00bbfa fa-envelope-o\u00a0\u00bb add_icon=\u00a0\u00bbtrue\u00a0\u00bb link=\u00a0\u00bburl:mailto%3Ainfo%40motionmatters.ca|||\u00a0\u00bb][\/vc_column_inner][\/vc_row_inner][\/vc_column][\/vc_row]<\/p>\n<\/div>","protected":false},"excerpt":{"rendered":"<p>[vc_row][vc_column width=\u00a0\u00bb2\/3&Prime;][vc_column_text] Lorsque vous visitez la clinique de physioth\u00e9rapie et de blessures sportives 170 av. Laurier ouest Vous demandez-vous ce qui se passera lors de votre<span class=\"excerpt-hellip\"> [\u2026]<\/span><\/p>\n","protected":false},"author":2427,"featured_media":0,"parent":0,"menu_order":0,"comment_status":"closed","ping_status":"closed","template":"","meta":{"footnotes":""},"class_list":["post-636","page","type-page","status-publish","hentry"],"_links":{"self":[{"href":"https:\/\/motionmatters.ca\/fr\/wp-json\/wp\/v2\/pages\/636","targetHints":{"allow":["GET"]}}],"collection":[{"href":"https:\/\/motionmatters.ca\/fr\/wp-json\/wp\/v2\/pages"}],"about":[{"href":"https:\/\/motionmatters.ca\/fr\/wp-json\/wp\/v2\/types\/page"}],"author":[{"embeddable":true,"href":"https:\/\/motionmatters.ca\/fr\/wp-json\/wp\/v2\/users\/2427"}],"replies":[{"embeddable":true,"href":"https:\/\/motionmatters.ca\/fr\/wp-json\/wp\/v2\/comments?post=636"}],"version-history":[{"count":4,"href":"https:\/\/motionmatters.ca\/fr\/wp-json\/wp\/v2\/pages\/636\/revisions"}],"predecessor-version":[{"id":906,"href":"https:\/\/motionmatters.ca\/fr\/wp-json\/wp\/v2\/pages\/636\/revisions\/906"}],"wp:attachment":[{"href":"https:\/\/motionmatters.ca\/fr\/wp-json\/wp\/v2\/media?parent=636"}],"curies":[{"name":"wp","href":"https:\/\/api.w.org\/{rel}","templated":true}]}}

<div class="wpb-content-wrapper"><p>[vc_row][vc_column width= »2/3&Prime;][vc_column_text]</p>
<h4>Lorsque vous visitez la clinique de physiothérapie et de blessures sportives</h4>
<p>170 av. Laurier ouest</p>
<p>Vous demandez-vous ce qui se passera lors de votre visite chez le physiothérapeute?</p>
<p>Lors de votre visite initiale avec votre physiothérapeute vous passerez un examen physique minutieux incluant :</p>
<ul>
<li>Un <strong>questionnaire médical</strong> général</li>
<li>Une <strong>discussion</strong> permettant de rassembler les informations concernant l&rsquo;histoire de vos symptômes, les facteurs aggravants, vos activités quotidiennes, vos blessures antérieures, votre style de vie, les tests médicaux déjà effectués, les buts thérapeutiques, etc.</li>
<li>Un <strong>examen physique</strong> pour évaluer votre niveau de mobilité, de force, d&rsquo;endurance, votre posture ainsi que d&rsquo;autres éléments de la capacité physique fonctionnelle.</li>
<li>Un <strong>plan de traitement</strong> afin d&rsquo;établir vos objectifs et une stratégie qui aideront à améliorer votre condition. Lorsque l&rsquo;origine de vos symptômes sera établie, vous discuterez vos options de traitement et anticiperez leurs impacts avec votre thérapeute.</li>
</ul>
<p><em>Si vous avez des questions concernant la physiothérapie, les traitements, ou si vous vous demandez ce que vous devriez porter lors de vos rendez-vous, vous pouvez visitez notre rubrique Questions / réponses.</em>[/vc_column_text][/vc_column][vc_column width= »1/3&Prime;][vc_single_image image= »213&Prime; img_size= »large » style= »vc_box_shadow_border »][/vc_column][/vc_row][vc_row][vc_column][vc_separator][/vc_column][/vc_row][vc_row][vc_column width= »2/3&Prime;][vc_column_text]</p>
<h4>Lorsque vous visitez le centre d&rsquo;exercice et de réhabilitation</h4>
<p><strong>164 av. Laurier ouest</strong></p>
<p>C&rsquo;est dans le centre d&rsquo;exercice et de réhabilitation que se donnent les classes de Pilates et autres sessions d&rsquo;entraînement physique. Le centre comprend une salle d&rsquo;entraînement avec poids libres, un système multi-gym de type Atlantis, de l&rsquo;équipement cardiovasculaire et plusieurs machines Pilates. Nous disposons d&rsquo;une salle ou studio séparé pour les exercices en groupe. Afin que votre expérience dans notre centre soit agréable nous mettons à votre disposition des vestiaires hommes et femmes équipés de douches, de serviettes et de casiers.</p>
<p>Pour connaître les règlements et les procédures concernant les cours et l&rsquo;utilisation de notre centre d&rsquo;exercice veuillez consulter notre réception lors de votre première visite</p>
<p>Veuillez consulter notre blogue pour prendre connaissance de l’horaire de nos cours d’exercice en groupe.</p>
<p>Si vous avez des questions supplémentaires concernant l&rsquo;utilisation du centre ou concernant les cours disponibles, contactez nous.[/vc_column_text][/vc_column][vc_column width= »1/3&Prime;][vc_single_image image= »214&Prime; img_size= »medium » style= »vc_box_shadow_border »][/vc_column][/vc_row][vc_row][vc_column][vc_empty_space][/vc_column][/vc_row][vc_row full_width= »stretch_row » css= ».vc_custom_1528467309126{background-image: url(http://motionmatters.ca/wp-content/uploads/2018/06/CTA-Back.jpg?id=349) !important;background-position: center !important;background-repeat: no-repeat !important;background-size: cover !important;} »][vc_column][vc_column_text css= ».vc_custom_1530482961988{padding-top: 20px !important;padding-bottom: 20px !important;} »]</p>
<h2 style="text-align: center;"><span style="color: #ffffff;">Pour prendre rendez-vous ou pour vous inscrire à nos classes, contactez-nous </span></h2>
<p>[/vc_column_text][vc_row_inner][vc_column_inner width= »1/2&Prime;][vc_btn title= »Call: (613) 237-4343&Prime; style= »flat » color= »white » size= »lg » align= »right » i_icon_fontawesome= »fa fa-phone » add_icon= »true » link= »url:tel%3A(613)%20237-4343||| »][/vc_column_inner][vc_column_inner width= »1/2&Prime;][vc_btn title= »info@motionmatters.ca » style= »flat » color= »white » size= »lg » i_icon_fontawesome= »fa fa-envelope-o » add_icon= »true » link= »url:mailto%3Ainfo%40motionmatters.ca||| »][/vc_column_inner][/vc_row_inner][/vc_column][/vc_row]</p>
</div>

<p>[vc_row][vc_column width= »2/3&Prime;][vc_column_text] Lorsque vous visitez la clinique de physiothérapie et de blessures sportives 170 av. Laurier ouest Vous demandez-vous ce qui se passera lors de votre<span class="excerpt-hellip"> […]</span></p>
