{"id":639,"date":"2018-07-03T12:50:31","date_gmt":"2018-07-03T12:50:31","guid":{"rendered":"http:\/\/209.59.164.201\/~motionmatters\/?page_id=639"},"modified":"2019-12-16T20:46:23","modified_gmt":"2019-12-16T20:46:23","slug":"contact-us","status":"publish","type":"page","link":"https:\/\/motionmatters.ca\/fr\/contact-us\/","title":{"rendered":"Contactez"},"content":{"rendered":"<div class=\"wpb-content-wrapper\"><p>[vc_row][vc_column width=\u00a0\u00bb2\/3&Prime;][vc_column_text]<\/p>\n<div class=\"content_column\">\n<h4>La clinique de physioth\u00e9rapie et de blessures sportives Motion Matters<\/h4>\n<p>Veuillez-vous enregistrer au rez-de-chaussee du 170 av. Laurier ouest (r\u00e9ez de chauss\u00e9e) pour chaque rendez-vous<\/p>\n<p>Ottawa, ON K1P 5V5<br \/>\nTel: (613) 237-4343<br \/>\nFax: (613) 237-2264<br \/>\nCouriel\u00a0:\u00a0<a href=\"mailto:info@motionmatters.ca\">info@motionmatters.ca<\/a><br \/>\nSite Web:\u00a0<a href=\"http:\/\/motionmatters.ca\/\">www.motionmatters.ca<\/a><\/p>\n<\/div>\n<p>Tous les membres de notre \u00e9quipe administrative se feront un plaisir de r\u00e9pondre \u00e0 vos questions concernant vos rendez-vous. Pour des questions confidentielles d&rsquo;ordre financi\u00e8res ou pour des payements de factures demandez l&rsquo;assistance de notre responsable administrative ou de notre adjointe en comptabilit\u00e9.[\/vc_column_text][vc_separator][vc_column_text]<\/p>\n<h4>Heures de bureau<\/h4>\n<p>Du lundi au jeudi de 7am \u00e0 7pm<br \/>\nle vendredi de 7am \u00e0 6pm<\/p>\n<p>Les traitements se font sur rendez-vous.[\/vc_column_text][\/vc_column][vc_column width=\u00a0\u00bb1\/3&Prime;][vc_single_image image=\u00a0\u00bb219&Prime; img_size=\u00a0\u00bblarge\u00a0\u00bb][\/vc_column][\/vc_row][vc_row][vc_column][vc_empty_space][\/vc_column][\/vc_row]<\/p>\n<\/div>","protected":false},"excerpt":{"rendered":"<p>[vc_row][vc_column width=\u00a0\u00bb2\/3&Prime;][vc_column_text] La clinique de physioth\u00e9rapie et de blessures sportives Motion Matters Veuillez-vous enregistrer au rez-de-chaussee du 170 av. Laurier ouest (r\u00e9ez de chauss\u00e9e) pour chaque<span class=\"excerpt-hellip\"> [\u2026]<\/span><\/p>\n","protected":false},"author":2427,"featured_media":0,"parent":0,"menu_order":0,"comment_status":"closed","ping_status":"closed","template":"","meta":{"footnotes":""},"class_list":["post-639","page","type-page","status-publish","hentry"],"_links":{"self":[{"href":"https:\/\/motionmatters.ca\/fr\/wp-json\/wp\/v2\/pages\/639","targetHints":{"allow":["GET"]}}],"collection":[{"href":"https:\/\/motionmatters.ca\/fr\/wp-json\/wp\/v2\/pages"}],"about":[{"href":"https:\/\/motionmatters.ca\/fr\/wp-json\/wp\/v2\/types\/page"}],"author":[{"embeddable":true,"href":"https:\/\/motionmatters.ca\/fr\/wp-json\/wp\/v2\/users\/2427"}],"replies":[{"embeddable":true,"href":"https:\/\/motionmatters.ca\/fr\/wp-json\/wp\/v2\/comments?post=639"}],"version-history":[{"count":4,"href":"https:\/\/motionmatters.ca\/fr\/wp-json\/wp\/v2\/pages\/639\/revisions"}],"predecessor-version":[{"id":1122,"href":"https:\/\/motionmatters.ca\/fr\/wp-json\/wp\/v2\/pages\/639\/revisions\/1122"}],"wp:attachment":[{"href":"https:\/\/motionmatters.ca\/fr\/wp-json\/wp\/v2\/media?parent=639"}],"curies":[{"name":"wp","href":"https:\/\/api.w.org\/{rel}","templated":true}]}}

<div class="wpb-content-wrapper"><p>[vc_row][vc_column width= »2/3&Prime;][vc_column_text]</p>
<div class="content_column">
<h4>La clinique de physiothérapie et de blessures sportives Motion Matters</h4>
<p>Veuillez-vous enregistrer au rez-de-chaussee du 170 av. Laurier ouest (réez de chaussée) pour chaque rendez-vous</p>
<p>Ottawa, ON K1P 5V5<br />
Tel: (613) 237-4343<br />
Fax: (613) 237-2264<br />
Couriel : <a href="mailto:info@motionmatters.ca">info@motionmatters.ca</a><br />
Site Web: <a href="http://motionmatters.ca/">www.motionmatters.ca</a></p>
</div>
<p>Tous les membres de notre équipe administrative se feront un plaisir de répondre à vos questions concernant vos rendez-vous. Pour des questions confidentielles d&rsquo;ordre financières ou pour des payements de factures demandez l&rsquo;assistance de notre responsable administrative ou de notre adjointe en comptabilité.[/vc_column_text][vc_separator][vc_column_text]</p>
<h4>Heures de bureau</h4>
<p>Du lundi au jeudi de 7am à 7pm<br />
le vendredi de 7am à 6pm</p>
<p>Les traitements se font sur rendez-vous.[/vc_column_text][/vc_column][vc_column width= »1/3&Prime;][vc_single_image image= »219&Prime; img_size= »large »][/vc_column][/vc_row][vc_row][vc_column][vc_empty_space][/vc_column][/vc_row]</p>
</div>

<p>[vc_row][vc_column width= »2/3&Prime;][vc_column_text] La clinique de physiothérapie et de blessures sportives Motion Matters Veuillez-vous enregistrer au rez-de-chaussee du 170 av. Laurier ouest (réez de chaussée) pour chaque<span class="excerpt-hellip"> […]</span></p>
