{"id":740,"date":"2018-07-03T14:54:32","date_gmt":"2018-07-03T14:54:32","guid":{"rendered":"http:\/\/209.59.164.201\/~motionmatters\/?page_id=740"},"modified":"2018-07-31T13:13:14","modified_gmt":"2018-07-31T13:13:14","slug":"susan-gardner-rab","status":"publish","type":"page","link":"https:\/\/motionmatters.ca\/fr\/a-propos\/susan-gardner-rab\/","title":{"rendered":"Susan Gardner Rab"},"content":{"rendered":"<div class=\"wpb-content-wrapper\"><p>[vc_row][vc_column width=\u00a0\u00bb3\/4&Prime;][vc_row_inner][vc_column_inner width=\u00a0\u00bb1\/3&Prime;][vc_empty_space height=\u00a0\u00bb20px\u00a0\u00bb][vc_single_image image=\u00a0\u00bb933&Prime; img_size=\u00a0\u00bbfull\u00a0\u00bb style=\u00a0\u00bbvc_box_shadow_border\u00a0\u00bb][\/vc_column_inner][vc_column_inner width=\u00a0\u00bb2\/3&Prime;][vc_empty_space][vc_column_text]<em><strong>Physioth\u00e9rapeutes<\/strong><\/em><\/p>\n<h3 class=\"title\">Susan Gardner Rab<\/h3>\n<p>[\/vc_column_text][vc_single_image image=\u00a0\u00bb255&Prime; img_size=\u00a0\u00bbfull\u00a0\u00bb css=\u00a0\u00bb.vc_custom_1528158089104{margin-top: 0px !important;padding-top: 0px !important;}\u00a0\u00bb][vc_column_text css=\u00a0\u00bb.vc_custom_1530632690170{margin-top: 0px !important;padding-top: 0px !important;}\u00a0\u00bb]<\/p>\n<h4><em>Susan a termin\u00e9 ses \u00e9tudes universitaires en 1993 apr\u00e8s avoir gradu\u00e9 du programme de physioth\u00e9rapie \u00e0 l\u2019universit\u00e9 de McMaster.<\/em><\/h4>\n<p>[\/vc_column_text][\/vc_column_inner][\/vc_row_inner][vc_separator][vc_column_text]<\/p>\n<h6>Susan a termin\u00e9 ses \u00e9tudes universitaires en 1993 apr\u00e8s avoir gradu\u00e9 du programme de physioth\u00e9rapie \u00e0 l\u2019universit\u00e9 de McMaster. Elle a \u00e9galement compl\u00e9t\u00e9 en 1991 un baccalaur\u00e9at en art des sciences de la vie (Arts in life sciences) ainsi qu`un baccalaur\u00e9at en \u00e9ducation physique et de la sant\u00e9 \u00e0 l`universit\u00e9 Queen.<\/h6>\n<p>[\/vc_column_text][vc_column_text css=\u00a0\u00bb.vc_custom_1530632710949{border-top-width: 1px !important;border-right-width: 1px !important;border-bottom-width: 1px !important;border-left-width: 1px !important;padding-top: 20px !important;padding-right: 20px !important;padding-bottom: 20px !important;padding-left: 20px !important;border-left-color: #bfbfbf !important;border-left-style: solid !important;border-right-color: #bfbfbf !important;border-right-style: solid !important;border-top-color: #bfbfbf !important;border-top-style: solid !important;border-bottom-color: #bfbfbf !important;border-bottom-style: solid !important;border-radius: 10px !important;}\u00a0\u00bb]Susan poss\u00e8de une large exp\u00e9rience en tant que physioth\u00e9rapeute. Elle a travaill\u00e9 dans diff\u00e9rentes cliniques orthop\u00e9diques priv\u00e9es, au d\u00e9partement de soins intensifs de l`h\u00f4pital d`Ottawa, au centre de r\u00e9adaptation tant avec des patients atteints d`affections neurologiques que des polytraumatis\u00e9s. Elle travaille encore pr\u00e9sentement \u00e0 l`h\u00f4pital Riverside o\u00f9 elle soigne des cas post-chirurgicaux.<\/p>\n<p>Susan a suivi de nombreux cours postuniversitaires en th\u00e9rapie manuelle, acupuncture, traitement par aiguilles s\u00e8ches (certification de niveau 3 avec Kinetacore \u2122), analyse du mouvement, relaxation des tissus myofasciaux. Elle s&rsquo;int\u00e9resse tout particuli\u00e8rement \u00e0 la r\u00e9adaptation par la technique de Pilates Stott \u2122 dont elle a compl\u00e9t\u00e9 les cours \u00e0 Toronto en 2003.[\/vc_column_text][vc_separator][vc_column_text]<\/p>\n<h6><em>Susan est d\u00e9vou\u00e9 \u00e0 ses patients et croit \u00e0 l`efficacit\u00e9 des traitements personnalis\u00e9s. Elle veut continuer \u00e0 \u00e9tudier et apprendre les nouvelles techniques dans son domaine.<\/em><\/h6>\n<h6><em>Susan accorde beaucoup d`importance \u00e0 l`\u00e9quilibre entre la vie de famille et professionnelle. Elle travaille \u00e0 temps partiel et consacre beaucoup de temps \u00e0 sa famille. Elle aime le ski de fond, le cano\u00eb et plusieurs autres activit\u00e9s physiques ext\u00e9rieures.<\/em><\/h6>\n<p>[\/vc_column_text][\/vc_column][vc_column width=\u00a0\u00bb1\/4&Prime;][vc_widget_sidebar sidebar_id=\u00a0\u00bbsidebar-our-team\u00a0\u00bb][\/vc_column][\/vc_row][vc_row full_width=\u00a0\u00bbstretch_row\u00a0\u00bb css=\u00a0\u00bb.vc_custom_1528674400296{padding-top: 30px !important;padding-bottom: 10px !important;background-image: url(http:\/\/motionmatters.ca\/wp-content\/uploads\/2018\/06\/CTA-Back.jpg?id=349) !important;background-position: center !important;background-repeat: no-repeat !important;background-size: cover !important;}\u00a0\u00bb][vc_column][vc_column_text css=\u00a0\u00bb.vc_custom_1533042791467{padding-top: 20px !important;padding-bottom: 20px !important;}\u00a0\u00bb]<\/p>\n<h2 style=\"text-align: center;\"><span style=\"color: #ffffff;\">Pour prendre rendez-vous ou pour vous inscrire \u00e0 nos classes, contactez-nous\u00a0<\/span><\/h2>\n<p>[\/vc_column_text][vc_row_inner][vc_column_inner width=\u00a0\u00bb1\/2&Prime;][vc_btn title=\u00a0\u00bbCall: (613) 237-4343&Prime; style=\u00a0\u00bbflat\u00a0\u00bb color=\u00a0\u00bbwhite\u00a0\u00bb size=\u00a0\u00bblg\u00a0\u00bb align=\u00a0\u00bbright\u00a0\u00bb i_icon_fontawesome=\u00a0\u00bbfa fa-phone\u00a0\u00bb add_icon=\u00a0\u00bbtrue\u00a0\u00bb link=\u00a0\u00bburl:tel%3A(613)%20237-4343|||\u00a0\u00bb][\/vc_column_inner][vc_column_inner width=\u00a0\u00bb1\/2&Prime;][vc_btn title=\u00a0\u00bbinfo@motionmatters.ca\u00a0\u00bb style=\u00a0\u00bbflat\u00a0\u00bb color=\u00a0\u00bbwhite\u00a0\u00bb size=\u00a0\u00bblg\u00a0\u00bb i_icon_fontawesome=\u00a0\u00bbfa fa-envelope-o\u00a0\u00bb add_icon=\u00a0\u00bbtrue\u00a0\u00bb link=\u00a0\u00bburl:mailto%3Ainfo%40motionmatters.ca|||\u00a0\u00bb][\/vc_column_inner][\/vc_row_inner][\/vc_column][\/vc_row]<\/p>\n<\/div>","protected":false},"excerpt":{"rendered":"<p>[vc_row][vc_column width=\u00a0\u00bb3\/4&Prime;][vc_row_inner][vc_column_inner width=\u00a0\u00bb1\/3&Prime;][vc_empty_space height=\u00a0\u00bb20px\u00a0\u00bb][vc_single_image image=\u00a0\u00bb933&Prime; img_size=\u00a0\u00bbfull\u00a0\u00bb style=\u00a0\u00bbvc_box_shadow_border\u00a0\u00bb][\/vc_column_inner][vc_column_inner width=\u00a0\u00bb2\/3&Prime;][vc_empty_space][vc_column_text]Physioth\u00e9rapeutes Susan Gardner Rab [\/vc_column_text][vc_single_image image=\u00a0\u00bb255&Prime; img_size=\u00a0\u00bbfull\u00a0\u00bb css=\u00a0\u00bb.vc_custom_1528158089104{margin-top: 0px !important;padding-top: 0px !important;}\u00a0\u00bb][vc_column_text css=\u00a0\u00bb.vc_custom_1530632690170{margin-top: 0px !important;padding-top: 0px !important;}\u00a0\u00bb] Susan a<span class=\"excerpt-hellip\"> [\u2026]<\/span><\/p>\n","protected":false},"author":2427,"featured_media":0,"parent":561,"menu_order":0,"comment_status":"closed","ping_status":"closed","template":"","meta":{"footnotes":""},"class_list":["post-740","page","type-page","status-publish","hentry"],"_links":{"self":[{"href":"https:\/\/motionmatters.ca\/fr\/wp-json\/wp\/v2\/pages\/740","targetHints":{"allow":["GET"]}}],"collection":[{"href":"https:\/\/motionmatters.ca\/fr\/wp-json\/wp\/v2\/pages"}],"about":[{"href":"https:\/\/motionmatters.ca\/fr\/wp-json\/wp\/v2\/types\/page"}],"author":[{"embeddable":true,"href":"https:\/\/motionmatters.ca\/fr\/wp-json\/wp\/v2\/users\/2427"}],"replies":[{"embeddable":true,"href":"https:\/\/motionmatters.ca\/fr\/wp-json\/wp\/v2\/comments?post=740"}],"version-history":[{"count":5,"href":"https:\/\/motionmatters.ca\/fr\/wp-json\/wp\/v2\/pages\/740\/revisions"}],"predecessor-version":[{"id":956,"href":"https:\/\/motionmatters.ca\/fr\/wp-json\/wp\/v2\/pages\/740\/revisions\/956"}],"up":[{"embeddable":true,"href":"https:\/\/motionmatters.ca\/fr\/wp-json\/wp\/v2\/pages\/561"}],"wp:attachment":[{"href":"https:\/\/motionmatters.ca\/fr\/wp-json\/wp\/v2\/media?parent=740"}],"curies":[{"name":"wp","href":"https:\/\/api.w.org\/{rel}","templated":true}]}}

<div class="wpb-content-wrapper"><p>[vc_row][vc_column width= »3/4&Prime;][vc_row_inner][vc_column_inner width= »1/3&Prime;][vc_empty_space height= »20px »][vc_single_image image= »933&Prime; img_size= »full » style= »vc_box_shadow_border »][/vc_column_inner][vc_column_inner width= »2/3&Prime;][vc_empty_space][vc_column_text]<em><strong>Physiothérapeutes</strong></em></p>
<h3 class="title">Susan Gardner Rab</h3>
<p>[/vc_column_text][vc_single_image image= »255&Prime; img_size= »full » css= ».vc_custom_1528158089104{margin-top: 0px !important;padding-top: 0px !important;} »][vc_column_text css= ».vc_custom_1530632690170{margin-top: 0px !important;padding-top: 0px !important;} »]</p>
<h4><em>Susan a terminé ses études universitaires en 1993 après avoir gradué du programme de physiothérapie à l’université de McMaster.</em></h4>
<p>[/vc_column_text][/vc_column_inner][/vc_row_inner][vc_separator][vc_column_text]</p>
<h6>Susan a terminé ses études universitaires en 1993 après avoir gradué du programme de physiothérapie à l’université de McMaster. Elle a également complété en 1991 un baccalauréat en art des sciences de la vie (Arts in life sciences) ainsi qu`un baccalauréat en éducation physique et de la santé à l`université Queen.</h6>
<p>[/vc_column_text][vc_column_text css= ».vc_custom_1530632710949{border-top-width: 1px !important;border-right-width: 1px !important;border-bottom-width: 1px !important;border-left-width: 1px !important;padding-top: 20px !important;padding-right: 20px !important;padding-bottom: 20px !important;padding-left: 20px !important;border-left-color: #bfbfbf !important;border-left-style: solid !important;border-right-color: #bfbfbf !important;border-right-style: solid !important;border-top-color: #bfbfbf !important;border-top-style: solid !important;border-bottom-color: #bfbfbf !important;border-bottom-style: solid !important;border-radius: 10px !important;} »]Susan possède une large expérience en tant que physiothérapeute. Elle a travaillé dans différentes cliniques orthopédiques privées, au département de soins intensifs de l`hôpital d`Ottawa, au centre de réadaptation tant avec des patients atteints d`affections neurologiques que des polytraumatisés. Elle travaille encore présentement à l`hôpital Riverside où elle soigne des cas post-chirurgicaux.</p>
<p>Susan a suivi de nombreux cours postuniversitaires en thérapie manuelle, acupuncture, traitement par aiguilles sèches (certification de niveau 3 avec Kinetacore ™), analyse du mouvement, relaxation des tissus myofasciaux. Elle s&rsquo;intéresse tout particulièrement à la réadaptation par la technique de Pilates Stott ™ dont elle a complété les cours à Toronto en 2003.[/vc_column_text][vc_separator][vc_column_text]</p>
<h6><em>Susan est dévoué à ses patients et croit à l`efficacité des traitements personnalisés. Elle veut continuer à étudier et apprendre les nouvelles techniques dans son domaine.</em></h6>
<h6><em>Susan accorde beaucoup d`importance à l`équilibre entre la vie de famille et professionnelle. Elle travaille à temps partiel et consacre beaucoup de temps à sa famille. Elle aime le ski de fond, le canoë et plusieurs autres activités physiques extérieures.</em></h6>
<p>[/vc_column_text][/vc_column][vc_column width= »1/4&Prime;][vc_widget_sidebar sidebar_id= »sidebar-our-team »][/vc_column][/vc_row][vc_row full_width= »stretch_row » css= ».vc_custom_1528674400296{padding-top: 30px !important;padding-bottom: 10px !important;background-image: url(http://motionmatters.ca/wp-content/uploads/2018/06/CTA-Back.jpg?id=349) !important;background-position: center !important;background-repeat: no-repeat !important;background-size: cover !important;} »][vc_column][vc_column_text css= ».vc_custom_1533042791467{padding-top: 20px !important;padding-bottom: 20px !important;} »]</p>
<h2 style="text-align: center;"><span style="color: #ffffff;">Pour prendre rendez-vous ou pour vous inscrire à nos classes, contactez-nous </span></h2>
<p>[/vc_column_text][vc_row_inner][vc_column_inner width= »1/2&Prime;][vc_btn title= »Call: (613) 237-4343&Prime; style= »flat » color= »white » size= »lg » align= »right » i_icon_fontawesome= »fa fa-phone » add_icon= »true » link= »url:tel%3A(613)%20237-4343||| »][/vc_column_inner][vc_column_inner width= »1/2&Prime;][vc_btn title= »info@motionmatters.ca » style= »flat » color= »white » size= »lg » i_icon_fontawesome= »fa fa-envelope-o » add_icon= »true » link= »url:mailto%3Ainfo%40motionmatters.ca||| »][/vc_column_inner][/vc_row_inner][/vc_column][/vc_row]</p>
</div>

<p>[vc_row][vc_column width= »3/4&Prime;][vc_row_inner][vc_column_inner width= »1/3&Prime;][vc_empty_space height= »20px »][vc_single_image image= »933&Prime; img_size= »full » style= »vc_box_shadow_border »][/vc_column_inner][vc_column_inner width= »2/3&Prime;][vc_empty_space][vc_column_text]Physiothérapeutes Susan Gardner Rab [/vc_column_text][vc_single_image image= »255&Prime; img_size= »full » css= ».vc_custom_1528158089104{margin-top: 0px !important;padding-top: 0px !important;} »][vc_column_text css= ».vc_custom_1530632690170{margin-top: 0px !important;padding-top: 0px !important;} »] Susan a<span class="excerpt-hellip"> […]</span></p>
